te the greatest common factor of 156457 and 31.
31
Calculate the greatest common factor of 3337857 and 9.
9
Calculate the greatest common factor of 6952 and 7304.
88
Calculate the greatest common divisor of 696678 and 12.
6
Calculate the greatest common divisor of 136134 and 378.
54
What is the highest common divisor of 37701 and 14697?
639
Calculate the greatest common divisor of 1109107 and 2529.
281
Calculate the highest common factor of 27313 and 572.
143
What is the highest common factor of 9 and 91935?
9
What is the highest common factor of 3642446 and 2452?
1226
What is the highest common factor of 8901 and 243?
9
What is the greatest common divisor of 304 and 1843?
19
Calculate the highest common factor of 30124 and 476.
68
Calculate the highest common divisor of 4000 and 1152.
32
Calculate the highest common divisor of 7253502 and 852.
426
Calculate the highest common divisor of 2807 and 434.
7
Calculate the greatest common factor of 265715 and 475.
95
Calculate the highest common divisor of 115 and 2231.
23
What is the greatest common factor of 2806 and 217902?
46
Calculate the highest common divisor of 237370 and 70.
70
Calculate the highest common factor of 5258 and 22.
22
What is the greatest common divisor of 403 and 93691?
13
Calculate the greatest common divisor of 217 and 43183.
217
What is the highest common factor of 1308620 and 160?
20
What is the highest common divisor of 366 and 158478?
366
What is the highest common divisor of 352 and 698400?
32
Calculate the greatest common factor of 22340 and 100.
20
What is the greatest common divisor of 5 and 188035?
5
What is the greatest common factor of 70410 and 2490?
30
Calculate the greatest common factor of 16524 and 250308.
612
What is the highest common divisor of 44664 and 632?
8
Calculate the highest common divisor of 124 and 951917.
31
What is the greatest common factor of 60157 and 86?
43
Calculate the greatest common divisor of 168 and 12579.
21
What is the greatest common factor of 10725 and 31200?
975
Calculate the highest common factor of 137431 and 1421.
203
Calculate the greatest common factor of 41 and 3732353.
41
What is the greatest common divisor of 29653 and 1288765?
2281
What is the highest common factor of 794 and 186987?
397
Calculate the greatest common divisor of 216 and 197928.
72
What is the greatest common factor of 4439 and 51083?
23
What is the greatest common factor of 5049 and 5423?
187
Calculate the greatest common factor of 4992 and 3510.
78
Calculate the highest common divisor of 6281 and 22.
11
Calculate the greatest common divisor of 5660 and 2.
2
Calculate the highest common factor of 5373 and 3383.
199
What is the highest common factor of 738 and 32677?
41
Calculate the highest common factor of 384 and 340608.
384
What is the highest common factor of 130578 and 174?
6
Calculate the greatest common divisor of 1410 and 52610.
10
Calculate the greatest common divisor of 65166 and 252.
6
What is the highest common factor of 3423 and 252813?
489
Calculate the greatest common factor of 1683 and 1071.
153
What is the highest common factor of 13379 and 187?
17
Calculate the highest common factor of 18 and 113166.
18
What is the greatest common divisor of 4 and 91199?
1
Calculate the highest common factor of 2190 and 1858580.
730
What is the highest common factor of 1583 and 11?
1
Calculate the greatest common divisor of 210 and 3290.
70
What is the greatest common factor of 348683 and 1079?
83
What is the highest common divisor of 645 and 129?
129
What is the highest common factor of 6139 and 57005?
877
Calculate the highest common factor of 5376 and 20.
4
Calculate the greatest common factor of 1169 and 371408.
167
Calculate the highest common divisor of 23760 and 84.
12
What is the highest common factor of 2080 and 3004320?
160
What is the highest common divisor of 3696 and 2061906?
462
Calculate the greatest common divisor of 440 and 5709.
11
What is the highest common divisor of 54 and 7890?
6
Calculate the greatest common divisor of 7972 and 4.
4
Calculate the highest common factor of 174 and 1398.
6
Calculate the greatest common divisor of 4255317 and 477.
477
What is the greatest common factor of 824743 and 1042?
521
What is the greatest common divisor of 238877 and 4?
1
Calculate the greatest common divisor of 8730 and 18390.
30
Calculate the greatest common divisor of 467559 and 27.
27
What is the highest common factor of 78208 and 2288?
208
Calculate the greatest common factor of 1582 and 1638.
14
Calculate the greatest common divisor of 513 and 2296872.
171
Calculate the greatest common divisor of 311750 and 310.
10
Calculate the highest common divisor of 30979 and 169.
13
Calculate the highest common factor of 480 and 3680.
160
What is the greatest common divisor of 3416 and 1464?
488
What is the greatest common divisor of 666253 and 441?
49
Calculate the highest common divisor of 24306 and 18.
6
What is the greatest common divisor of 14992 and 252053?
937
What is the greatest common divisor of 525 and 15855?
105
Calculate the highest common factor of 284280 and 20.
20
Calculate the greatest common factor of 137802 and 9282.
714
Calculate the greatest common divisor of 1662392 and 8.
8
Calculate the greatest common divisor of 550 and 13385.
5
What is the highest common divisor of 6281 and 198?
11
What is the highest common divisor of 104301 and 27?
27
Calculate the greatest common divisor of 15 and 335395.
5
Calculate the greatest common divisor of 6448 and 210366.
806
Calculate the highest common factor of 10672 and 2875.
23
What is the highest common factor of 190 and 80636?
38
What is the greatest common divisor of 9 and 27609?
3
What is the highest common divisor of 15949 and 5446?
389
What is the greatest common divisor of 38252 and 15851?
131
What is the greatest common factor of 1641264 and 4464?
1488
What is the highest common divisor of 669120 and 1530?
510
What is the highest common divisor of 1664 and 305552?
208
What is the highest common factor of 645 and 388075?
215
What is the greatest common factor of 18 and 95535?
9
What is the highest common factor of 10287501 and 49?
49
What is the greatest common factor of 13643 and 1757?
7
What is the greatest common divisor of 774 and 29142?
18
Calculate the highest common divisor of 176 and 1556148.
44
What is the highest common divisor of 7498 and 1467?
163
What is the greatest common divisor of 28770 and 28?
14
What is the highest common divisor of 8048 and 129271?
503
Calculate the highest common factor of 2196 and 79956.
36
Calculate the greatest common factor of 6 and 118358.
2
What is the greatest common factor of 8515 and 2096?
131
What is the greatest common divisor of 174 and 208974?
174
What is the highest common factor of 3480 and 1363?
29
What is the highest common factor of 496 and 166594?
62
Calculate the highest common factor of 34 and 7786.
34
Calculate the greatest common divisor of 30858 and 17982.
222
What is the highest common factor of 354145 and 102476?
1507
Calculate the greatest common divisor of 334113 and 507.
507
What is the greatest common divisor of 834 and 10008?
834
What is the highest common factor of 60007 and 138277?
2609
What is the greatest common divisor of 37 and 40589?
37
Calculate the highest common factor of 208323 and 2844.
711
Calculate the greatest common divisor of 30160 and 78.
26
What is the highest common divisor of 374 and 156398?
22
What is the highest common divisor of 1230 and 11230?
10
What is the greatest common factor of 182 and 47782?
14
Calculate the highest common divisor of 92829 and 4224.
33
What is the highest common factor of 959 and 49731?
137
Calculate the highest common factor of 2968 and 24.
8
Calculate the greatest common divisor of 1788155 and 860.
215
What is the greatest common factor of 777 and 58127?
37
Calculate the greatest common factor of 1160 and 3855.
5
What is the highest common factor of 6 and 39918?
6
What is the highest common divisor of 1920 and 540?
60
What is the highest common factor of 10207 and 177?
59
What is the highest common divisor of 1284 and 46800?
12
What is the highest common divisor of 23306 and 813?
271
What is the highest common factor of 611 and 6016?
47
What is the greatest co